 m**3/6 - m**2/2 + 2*m + 35. What is h(1)?
2
Suppose -5*x - 9 = 3*g - 2*g, x = -1. Let n(t) = -4 - 2*t**2 - 2*t**2 - t**3 + 28*t + 9*t + 23*t - 61*t. Give n(g).
0
Let i(f) = -f**3 - 2*f**2 - 4. Let j be i(-3). Let y(q) = -2 - 4 + 5*q - j*q + 2*q. Suppose -5*z + v = -0*v - 30, 4*z + 5*v - 24 = 0. Determine y(z).
6
Let m(v) = -2*v**3 + 18*v**2 - 7*v - 7. Let k(h) = -h**3 + 9*h**2 - 3*h - 3. Let l(g) = 5*k(g) - 3*m(g). Calculate l(8).
-10
Suppose 7*j - 28 = 3*j. Suppose 2*u = -5 + j. Let y(m) = -20*m**2 + m. Determine y(u).
-19
Let f(y) = -y**3 + 2*y**2 - 2*y**3 - y + 10*y**3. Suppose 10 = -d - 4*d. Let h be (3/6)/(-1)*d. Determine f(h).
8
Let f(u) = u - 3. Suppose 2*p = 12 - 0. Calculate f(p).
3
Let l(b) = b**2 - 49*b + 305. Let n be l(8). Let q(m) = m + 18. Give q(n).
-5
Let d(o) = 2*o**3 + o**2 - 2*o + 4. Let t(b) = 3*b**3 + 3*b**2 - 4*b + 5. Let j(g) = -7*d(g) + 5*t(g). Give j(-8).
45
Suppose 0 = -4*r - 3 + 7. Let j be (-1 - r)*49/(-14). Let x = j + -1. Let s(v) = -v**2 + 8*v - 9. Give s(x).
3
Let c(a) = -4*a**2 + 4*a**2 - a + 3*a + a**2 - 3*a**2 + 1. Calculate c(2).
-3
Let v(n) be the third derivative of -n**6/120 - n**5/20 + 13*n**4/24 + n**3 - n**2. Calculate v(-5).
-9
Let z(b) = -b + 7. Let d be (-2)/(-4)*(0 - -12). Suppose 0 = 2*n - d*n + 20. Let j(u) = u**3 - 5*u**2 + 6. Let m be j(n). Determine z(m).
1
Suppose 0 = -3*h - 3*a + 21, 71 = 5*h + a - 5*a. Let m(l) = l**3 - 10*l**2 - 11*l + 16. Determine m(h).
16
Suppose 2*f = 8, 4*h + 5*f - 24 + 4 = 0. Let t be (3 - (2 + h))*3. Let r(y) = -8*y + t - 14*y + 23*y. Give r(-3).
0
Let m(i) = -1 + 2*i**2 + i - 3*i**2 - i**2 - 3*i. Give m(-1).
-1
Let m(l) = -118 - 13*l + 339 + 12*l - 111 - 120. Suppose -33 + 12 = 3*s. Determine m(s).
-3
Let i(s) = 5 - 3 + 1 + 5*s**2 - 4*s**2 - 5*s. Suppose -27 = -2*j - 5*o, 4*o + 3 = 4*j - 9. Determine i(j).
9
Let o(v) be the third derivative of v**5/30 + 3*v**4/4 - 3*v**3/2 + 43*v**2 - 2*v. Give o(-9).
-9
Suppose w - 90 = -5*k + 7, -3*k + 75 = -5*w. Suppose s + k = 4*o - s, 5*s + 6 = -o. Let l(q) be the first derivative of q**2/2 - 2*q + 15. Calculate l(o).
2
Let k(s) = -11*s + 2. Let n(a) = -10*a + 1. Let b(f) = -3*k(f) + 4*n(f). Let q be -3 + 3/(-21) + 64/56. Determine b(q).
12
Let m(y) be the first derivative of -y**3 - 5*y**2 - 6*y - 131. Give m(-3).
-3
Let l be 2/5 + 8/5. Let y(z) = 44*z - 87. Let u be y(2). Suppose l*o - o - u = 0. Let v(a) = -a**3 + a - 1. Determine v(o).
-1
Let u(p) be the first derivative of -5/3*p**3 + 25 - 1/4*p**4 - 2*p**2 + 0*p. Determine u(-5).
20
Let a(b) = -b**3 - 31*b**2 + 68*b + 73. Let q be a(-33). Let m(s) = s**3 - 7*s**2 + 4. Determine m(q).
4
Let q be (-202)/22 + 2/11. Let r(w) = -w. Let c(o) = 5*o + 2. Let t(a) = c(a) + 6*r(a). Let k(x) = -5*x + 8. Let g(m) = q*t(m) + 2*k(m). What is g(-4)?
2
Let v(f) = -14*f - 2. Suppose 0 = 8*z - 20*z + 12. Determine v(z).
-16
Let r(c) = -c**2 - 2*c + 2. Let j be 3 + (-1)/(1/(-48)). Let o be 6/21 + j/(-7). Let m = -11 - o. Give r(m).
-6
Let z be (-280)/350*5/2. Let m(n) = 6*n - 3*n + 4 - 1 + 0*n. Give m(z).
-3
Let c(u) be the second derivative of 0 - 7/12*u**4 + 12*u - 1/20*u**5 - 7/6*u**3 - 3*u**2. What is c(-5)?
-21
Let i(l) = -l**2 + 4*l - 3. Suppose 4 = 2*t + 2*t. Let m be 6/(t/2 + 1). What is i(m)?
-3
Let r(c) = 319*c**2 - 7*c + 318*c**2 - 963*c**2 + 327*c**2. Suppose 5*s - 2 = 28. Give r(s).
-6
Let i be 8/(-2) + 32/4. Let a(z) = -1 + 0*z + i - 3*z + z**2. Suppose r - 4 = -0*r. Give a(r).
7
Let n(h) = -h**2 + 14*h. Let y be n(14). Suppose 0 = -y*v + 2*v + 2. Let o = -1 - v. Let a(w) = -w**3 + w - 6. Determine a(o).
-6
Suppose s + r - 5 = 0, -s - 4*r = -r - 11. Let g(j) = -4*j**2 + j. Give g(s).
-14
Let h = 7 - 8. Let v be (3 - (0 + 4)) + (h - -8). Let m(n) = n**3 - 7*n**2 + 7*n + 6. What is m(v)?
12
Let y be 267/(-87) - (-2)/29. Let s(l) = l + 4. Let k be s(-3). Let x(n) = -n + 3*n**2 + 0 + 0*n**2 - k + n**3. Determine x(y).
2
Let m(u) = -13 + 3 + 17 - 2*u. Let i(p) = 2*p. Let s be i(3). Calculate m(s).
-5
Suppose -34*o + 18 = -28*o. Let p(w) = w - 2*w + o - 3*w - 3*w. What is p(2)?
-11
Let f = -1300 + 1304. Let r(o) = o**2 - 4*o + 7. What is r(f)?
7
Suppose -4 = -5*v - 24. Let r(q) = q**3 + 4*q**2 - q - 2. Let h be r(v). Let j(i) = 0*i**3 + i - i**3 - 5*i**2 + h*i - 2*i. What is j(-5)?
-5
Let g(n) = n**2 + 2. Let k be g(-2). Let v = k + -4. Let y(c) = -2 + 4*c - 3*c + v*c. Calculate y(2).
4
Let a(l) = 11*l - 165. Let r be a(15). Let n(f) = f**3 - 2*f**2 - 4. Calculate n(r).
-4
Let w = 191 - 191. Let c(x) = x**3 - x**2 - 3. Determine c(w).
-3
Let h be 93/9 - (-3)/(-9). Let k = h + -13. Let l(d) = -d - d**2 + 1 + 0*d**2 + 1 - 1. Give l(k).
-5
Suppose 4*p - 5 + 1 = 0. Let h = p + 2. Let u(d) = d**3 + 1 - 3 + h + d. Calculate u(-1).
-1
Let z = -32 + 54. Let s = 23 - z. Let x(r) = -3*r**3 + r**2 - r + 1. What is x(s)?
-2
Suppose 1 = -2*n + 5*t, -4*n + 4*t + 4 = -3*n. Let k be (-1)/(-1 - n/4). Let j(w) = -3*w**3 - 2*w**2 - w**3 - w**3 + 1. Give j(k).
4
Let n(x) = -23*x + 68*x - 2*x**2 - 12*x - 2 - 36*x + x**2. Suppose -5*y + 4*u = -86, -2*y - 3*u = -5*y + 54. Suppose 5*f + 6 = -y. Calculate n(f).
-6
Suppose 2*q + 2 = 0, 4*i - 2*i - 2*q = 22. Suppose 5*b = -5*w + i, -3*b + 1 + 7 = 5*w. Let o(m) = m**2 - 1. Calculate o(w).
0
Let l(h) = h**2 + 6*h - 9. Suppose -6 + 42 = 3*y. Let s = y + -12. Suppose -x + 4*v - 4 = 7, -4*x + 4*v - 32 = s. What is l(x)?
-2
Let g(q) = 64 - 32 - 33 - 2*q. Determine g(-2).
3
Let q(b) be the first derivative of -1/3*b**3 + 5*b**2 - 2 - 6*b. Let a be q(9). Let h(l) = 5*l - 4. Determine h(a).
11
Let m(g) = -46*g - 10. Let u(b) = 4*b - 1. Let d(a) = -m(a) - 12*u(a). Determine d(9).
4
Let q(c) = -3*c**3 - 12*c**2 - 2. Let i(a) = -a**3 - 4*a**2 - 1. Let u(v) = 11*i(v) - 4*q(v). Let f be (3/6)/((-1)/6). What is u(f)?
6
Suppose s = k - 16, 2*k + 4*s = 34 + 4. Suppose 13*h - k*h = -4. Let f(d) = -7*d. Calculate f(h).
-7
Suppose -2*v + 2*i - 10 = 2, 5*v - i + 30 = 0. Let p(s) = s**3 + 4*s**2 - 8*s - 3. What is p(v)?
-27
Let u(v) = 2*v**2 - 4*v - 7. Let w(y) = y**2 - 3*y - 5. Let t(a) = 2*u(a) - 3*w(a). Calculate t(4).
21
Let z(b) = -b**2 - 5*b. Let i(h) = -4*h**3 - 2*h**2 + 2. Let j be i(-1). Suppose -5*c = 2*o - 5, -j*c = -2*o - 29 + 7. Determine z(o).
0
Let p(r) = r**3 + 13*r**2 - 3*r + 27. Let t(g) = -g**3 - 12*g**2 + 4*g - 26. Let w(x) = -3*p(x) - 4*t(x). Calculate w(-10).
-7
Let x(m) be the first derivative of m**4/4 - 7*m**3/3 + m**2/2 - 5*m + 106. Calculate x(7).
2
Let q(p) be the third derivative of -p**5/60 - 5*p**4/24 + 685*p**2. Suppose -3*y = t - 0*t + 10, -5*t = -10. Give q(y).
4
Suppose 3*p - 1 = 2. Let v(c) be the third derivative of 0 - 1/30*c**5 + 0*c + 1/6*c**3 + 0*c**4 - 7/120*c**6 - 23*c**2. Give v(p).
-8
Let i be 1 - ((8 - 3) + -2). Let z(a) = 6*a**2 - 2. Determine z(i).
22
Let r(t) = 2*t + 7. Let u = -3 - -6. Suppose -2*j - 44 = j - 5*q, -q - 20 = u*j. Determine r(j).
-9
Let b(o) be the second derivative of o**6/360 + 7*o**5/120 + o**4/3 + o**3 - 3*o. Let n(z) be the second derivative of b(z). Determine n(-7).
8
Let f(c) = 2*c**2 - 1. Let w = 92 - 92. Calculate f(w).
-1
Let z(r) = 25 - r - 13 - 14. Give z(-4).
2
Let f(k) be the second derivative of -k**6/360 + k**5/12 - k**4/3 - 4*k**3/3 + 14*k. Let p(m) be the second derivative of f(m). Calculate p(9).
1
Let m(p) be the second derivative of -p**4/12 - p**3/6 + 9*p**2/2 - 17*p - 3. Calculate m(-5).
-11
Let v = -24 + 25. Let w(l) = -4 - 5*l - v + 7*l. Let p(b) = -b**3 - 5*b**2 + 5*b. Let k be p(-6). Calculate w(k).
7
Let z(p) = -p**3 + p. Let g(h) = -6*h**3 - 3*h**2 + h - 3. Let r be (-14)/10 + 6/15. Let u(q) = q - 5. Let a be u(8). Let v(y) = a*z(y) + r*g(y). Give v(-2).
-13
Let x(o) be the second derivative of -o**4/4 - o**3/3 - o**2/2 - 45*o - 2. Give x(-1).
-2
Let i be (119/14 + -10)*(-2)/36. Let q(t) be the third derivative of 11*t**2 + 0 + 0*t - 1/6*t**3 - i*t**4 + 1/60*t**5. Determine q(5).
14
Suppose 4*g + 5 = -15, 0 = -4*i - 3*g - 15. Let w(l) = 4*l**2 + 9. Let z(d) = -11*d**2 - 26. Let k(p) = 8*w(p) + 3*z(p). Give k(i).
-6
Let b be 0 - 117/(-12) - (-3)/12. Let q(t) = 9*t**2 + t**3 - 18 + 15 + b*t + 15. Determine q(-8).
-4
Suppose -14*y = -8*y - 42. Let l(a) = 7 - y + a - a**2. What is l(-2)?
-6
Let w = 19 - -12. Let d = -13 + w. Let q be 6/27 - (-32)/d. Let i(r) = 2*r**2 - r - 1. Give i(